[INFO] fetching crate moxie-dom 0.2.2...
[INFO] checking moxie-dom-0.2.2 against master#af3c6e733a40e671550e0f0f5aeecaa13772ba56 for pr-74989
[INFO] extracting crate moxie-dom 0.2.2 into /workspace/builds/worker-8/source
[INFO] validating manifest of crates.io crate moxie-dom 0.2.2 on toolchain af3c6e733a40e671550e0f0f5aeecaa13772ba56
[INFO] running `Command { std: "/workspace/cargo-home/bin/cargo" "+af3c6e733a40e671550e0f0f5aeecaa13772ba56" "read-manifest" "--manifest-path" "Cargo.toml", kill_on_drop: false }`
[INFO] started tweaking crates.io crate moxie-dom 0.2.2
[INFO] finished tweaking crates.io crate moxie-dom 0.2.2
[INFO] tweaked toml for crates.io crate moxie-dom 0.2.2 written to /workspace/builds/worker-8/source/Cargo.toml
[INFO] running `Command { std: "/workspace/cargo-home/bin/cargo" "+af3c6e733a40e671550e0f0f5aeecaa13772ba56" "generate-lockfile" "--manifest-path" "Cargo.toml" "-Zno-index-update", kill_on_drop: false }`
[INFO] [stderr]     Blocking waiting for file lock on package cache
[INFO] running `Command { std: "/workspace/cargo-home/bin/cargo" "+af3c6e733a40e671550e0f0f5aeecaa13772ba56" "fetch" "--locked" "--manifest-path" "Cargo.toml", kill_on_drop: false }`
[INFO] [stderr]     Blocking waiting for file lock on package cache
[INFO] running `Command { std: "docker" "create" "-v" "/var/lib/crater-agent-workspace/builds/worker-8/target:/opt/rustwide/target:rw,Z" "-v" "/var/lib/crater-agent-workspace/builds/worker-8/source:/opt/rustwide/workdir:ro,Z" "-v" "/var/lib/crater-agent-workspace/cargo-home:/opt/rustwide/cargo-home:ro,Z" "-v" "/var/lib/crater-agent-workspace/rustup-home:/opt/rustwide/rustup-home:ro,Z" "-e" "SOURCE_DIR=/opt/rustwide/workdir" "-e" "CARGO_TARGET_DIR=/opt/rustwide/target" "-e" "CARGO_HOME=/opt/rustwide/cargo-home" "-e" "RUSTUP_HOME=/opt/rustwide/rustup-home" "-w" "/opt/rustwide/workdir" "-m" "1610612736" "--user" "0:0" "--network" "none" "rustops/crates-build-env@sha256:d92eaeed33fa75130ca1ee6c8a01d1ffb62bac859dfdfb3450e3e5d1c0146529" "/opt/rustwide/cargo-home/bin/cargo" "+af3c6e733a40e671550e0f0f5aeecaa13772ba56" "metadata" "--no-deps" "--format-version=1", kill_on_drop: false }`
[INFO] [stdout] 87caaec71042a5e3940555170f8246728c4e8aaf70548bc509b48e3ec2f3be34
[INFO] [stderr] WARNING: Your kernel does not support swap limit capabilities or the cgroup is not mounted. Memory limited without swap.
[INFO] running `Command { std: "docker" "start" "-a" "87caaec71042a5e3940555170f8246728c4e8aaf70548bc509b48e3ec2f3be34", kill_on_drop: false }`
[INFO] running `Command { std: "docker" "inspect" "87caaec71042a5e3940555170f8246728c4e8aaf70548bc509b48e3ec2f3be34", kill_on_drop: false }`
[INFO] running `Command { std: "docker" "rm" "-f" "87caaec71042a5e3940555170f8246728c4e8aaf70548bc509b48e3ec2f3be34", kill_on_drop: false }`
[INFO] [stdout] 87caaec71042a5e3940555170f8246728c4e8aaf70548bc509b48e3ec2f3be34
[INFO] running `Command { std: "docker" "create" "-v" "/var/lib/crater-agent-workspace/builds/worker-8/target:/opt/rustwide/target:rw,Z" "-v" "/var/lib/crater-agent-workspace/builds/worker-8/source:/opt/rustwide/workdir:ro,Z" "-v" "/var/lib/crater-agent-workspace/cargo-home:/opt/rustwide/cargo-home:ro,Z" "-v" "/var/lib/crater-agent-workspace/rustup-home:/opt/rustwide/rustup-home:ro,Z" "-e" "SOURCE_DIR=/opt/rustwide/workdir" "-e" "CARGO_TARGET_DIR=/opt/rustwide/target" "-e" "CARGO_INCREMENTAL=0" "-e" "RUST_BACKTRACE=full" "-e" "RUSTFLAGS=--cap-lints=forbid" "-e" "CARGO_HOME=/opt/rustwide/cargo-home" "-e" "RUSTUP_HOME=/opt/rustwide/rustup-home" "-w" "/opt/rustwide/workdir" "-m" "1610612736" "--user" "0:0" "--network" "none" "rustops/crates-build-env@sha256:d92eaeed33fa75130ca1ee6c8a01d1ffb62bac859dfdfb3450e3e5d1c0146529" "/opt/rustwide/cargo-home/bin/cargo" "+af3c6e733a40e671550e0f0f5aeecaa13772ba56" "check" "--frozen" "--all" "--all-targets" "--message-format=json", kill_on_drop: false }`
[INFO] [stdout] 8e3710d0282ace554f54a04b837e491f00d2fa0dc06d62f77cd010d902ccf50a
[INFO] [stderr] WARNING: Your kernel does not support swap limit capabilities or the cgroup is not mounted. Memory limited without swap.
[INFO] running `Command { std: "docker" "start" "-a" "8e3710d0282ace554f54a04b837e491f00d2fa0dc06d62f77cd010d902ccf50a", kill_on_drop: false }`
[INFO] [stderr]    Compiling cfg-if v0.1.10
[INFO] [stderr]    Compiling bumpalo v3.4.0
[INFO] [stderr]    Compiling lazy_static v1.4.0
[INFO] [stderr]     Checking futures-sink v0.3.5
[INFO] [stderr]     Checking scopeguard v1.1.0
[INFO] [stderr]     Checking stable_deref_trait v1.2.0
[INFO] [stderr]     Checking smallvec v1.4.2
[INFO] [stderr]    Compiling proc-macro-error-attr v0.4.12
[INFO] [stderr]    Compiling proc-macro-error v0.4.12
[INFO] [stderr]     Checking tracing-core v0.1.16
[INFO] [stderr]    Compiling snax v0.3.0
[INFO] [stderr]     Checking quick-xml v0.17.2
[INFO] [stderr]    Compiling syn v1.0.40
[INFO] [stderr]    Compiling log v0.4.11
[INFO] [stderr]     Checking futures-channel v0.3.5
[INFO] [stderr]     Checking owning_ref v0.4.1
[INFO] [stderr]     Checking lock_api v0.3.4
[INFO] [stderr]     Checking parking_lot_core v0.7.2
[INFO] [stderr]     Checking parking_lot v0.10.2
[INFO] [stderr]    Compiling syn-mid v0.5.0
[INFO] [stderr]    Compiling wasm-bindgen-backend v0.2.68
[INFO] [stderr]    Compiling wasm-bindgen-macro-support v0.2.68
[INFO] [stderr]    Compiling pin-project-internal v0.4.23
[INFO] [stderr]    Compiling futures-macro v0.3.5
[INFO] [stderr]    Compiling topo-macro v0.9.0
[INFO] [stderr]    Compiling tracing-attributes v0.1.11
[INFO] [stderr]    Compiling wasm-bindgen-macro v0.2.68
[INFO] [stderr]     Checking wasm-bindgen v0.2.68
[INFO] [stderr]    Compiling illicit-macro v0.9.0
[INFO] [stderr]    Compiling mox v0.2.0
[INFO] [stderr]     Checking tracing v0.1.19
[INFO] [stderr]     Checking js-sys v0.3.45
[INFO] [stderr]     Checking pin-project v0.4.23
[INFO] [stderr]     Checking futures-util v0.3.5
[INFO] [stderr]     Checking illicit v0.9.2
[INFO] [stderr]     Checking topo v0.9.4
[INFO] [stderr]     Checking web-sys v0.3.45
[INFO] [stderr]     Checking futures-executor v0.3.5
[INFO] [stderr]     Checking futures v0.3.5
[INFO] [stderr]     Checking moxie v0.2.3
[INFO] [stderr]     Checking augdom v0.1.0
[INFO] [stderr]     Checking raf v0.1.0
[INFO] [stdout] error[E0412]: cannot find type `ClipboardEvent` in crate `sys`
[INFO] [stdout] 
[INFO] [stdout] 
[INFO] [stdout] error[E0412]: cannot find type `ClipboardEvent` in crate `sys`
[INFO] [stdout]    --> /opt/rustwide/cargo-home/registry/src/github.com-1ecc6299db9ec823/augdom-0.1.0/src/event.rs:444:10
[INFO] [stdout]     |
[INFO] [stdout] 444 |     sys::ClipboardEvent
[INFO] [stdout]     |          ^^^^^^^^^^^^^^ help: a struct with a similar name exists: `KeyboardEvent`
[INFO] [stdout]     | 
[INFO] [stdout]    ::: /opt/rustwide/cargo-home/registry/src/github.com-1ecc6299db9ec823/web-sys-0.3.45/src/features/gen_KeyboardEvent.rs:4:1
[INFO] [stdout]     |
[INFO] [stdout] 4   | #[wasm_bindgen]
[INFO] [stdout]     | --------------- similarly named struct `KeyboardEvent` defined here
[INFO] [stdout] 
[INFO] [stdout] 
[INFO] [stdout] error[E0412]: cannot find type `ClipboardEvent` in crate `sys`
[INFO] [stdout]    --> /opt/rustwide/cargo-home/registry/src/github.com-1ecc6299db9ec823/augdom-0.1.0/src/event.rs:454:10
[INFO] [stdout]     |
[INFO] [stdout] 454 |     sys::ClipboardEvent
[INFO] [stdout]     |          ^^^^^^^^^^^^^^ help: a struct with a similar name exists: `KeyboardEvent`
[INFO] [stdout]     | 
[INFO] [stdout]    ::: /opt/rustwide/cargo-home/registry/src/github.com-1ecc6299db9ec823/web-sys-0.3.45/src/features/gen_KeyboardEvent.rs:4:1
[INFO] [stdout]     |
[INFO] [stdout] 4   | #[wasm_bindgen]
[INFO] [stdout]     | --------------- similarly named struct `KeyboardEvent` defined here
[INFO] [stdout] 
[INFO] [stdout] 
[INFO] [stdout] error[E0412]: cannot find type `ClipboardEvent` in crate `sys`
[INFO] [stdout]     --> /opt/rustwide/cargo-home/registry/src/github.com-1ecc6299db9ec823/augdom-0.1.0/src/event.rs:1137:10
[INFO] [stdout]      |
[INFO] [stdout] 1137 |     sys::ClipboardEvent
[INFO] [stdout]      |          ^^^^^^^^^^^^^^ help: a struct with a similar name exists: `KeyboardEvent`
[INFO] [stdout]      | 
[INFO] [stdout]     ::: /opt/rustwide/cargo-home/registry/src/github.com-1ecc6299db9ec823/web-sys-0.3.45/src/features/gen_KeyboardEvent.rs:4:1
[INFO] [stdout]      |
[INFO] [stdout] 4    | #[wasm_bindgen]
[INFO] [stdout]      | --------------- similarly named struct `KeyboardEvent` defined here
[INFO] [stdout] 
[INFO] [stdout] 
[INFO] [stdout] error: aborting due to 4 previous errors
[INFO] [stdout] 
[INFO] [stdout] 
[INFO] [stdout] For more information about this error, try `rustc --explain E0412`.
[INFO] [stdout] 
[INFO] [stderr] error: could not compile `augdom`.
[INFO] [stderr] 
[INFO] [stderr] To learn more, run the command again with --verbose.
[INFO] running `Command { std: "docker" "inspect" "8e3710d0282ace554f54a04b837e491f00d2fa0dc06d62f77cd010d902ccf50a", kill_on_drop: false }`
[INFO] running `Command { std: "docker" "rm" "-f" "8e3710d0282ace554f54a04b837e491f00d2fa0dc06d62f77cd010d902ccf50a", kill_on_drop: false }`
[INFO] [stdout] 8e3710d0282ace554f54a04b837e491f00d2fa0dc06d62f77cd010d902ccf50a
